ime factors of 195548258?
2, 139, 703411
What are the prime factors of 1664887?
7, 41, 5801
What are the prime factors of 1699283969?
1699283969
What are the prime factors of 48917727?
3, 5435303
What are the prime factors of 93077891?
89, 1045819
List the prime factors of 464757608.
2, 7, 131, 63353
What are the prime factors of 192136531?
19, 10112449
List the prime factors of 893667626.
2, 2713, 164701
List the prime factors of 3196026461.
19, 29, 47, 167, 739
What are the prime factors of 5681899881?
3, 7, 90188887
List the prime factors of 4081289276.
2, 1020322319
List the prime factors of 239494617.
3, 397, 22343
List the prime factors of 528444300.
2, 3, 5, 461, 3821
List the prime factors of 6860367613.
11, 157, 239, 1511
What are the prime factors of 4510560766?
2, 43, 47, 1115923
List the prime factors of 2818390.
2, 5, 281839
What are the prime factors of 459006547?
439, 1045573
List the prime factors of 165921235.
5, 33184247
List the prime factors of 136171668.
2, 3, 79, 379
What are the prime factors of 134438499?
3, 13, 17, 257, 263
What are the prime factors of 1117905150?
2, 3, 5, 53, 140617
List the prime factors of 73590752.
2, 2299711
List the prime factors of 3139479945.
3, 5, 7, 1361, 2441
List the prime factors of 130460677.
130460677
What are the prime factors of 833193978?
2, 3, 138865663
List the prime factors of 4966174296.
2, 3, 263, 262261
List the prime factors of 2697496827.
3, 899165609
List the prime factors of 3453889934.
2, 11, 156994997
List the prime factors of 625532230.
2, 5, 62553223
List the prime factors of 26361550.
2, 5, 19, 27749
List the prime factors of 1053495805.
5, 210699161
List the prime factors of 243595471.
7, 34799353
List the prime factors of 114150033.
3, 1831, 2309
List the prime factors of 597768675.
3, 5, 7, 137, 8311
What are the prime factors of 289598219?
151, 347, 5527
What are the prime factors of 287263606?
2, 7, 23, 892123
What are the prime factors of 1454951352?
2, 3, 89, 751, 907
What are the prime factors of 456586617?
3, 173, 879743
What are the prime factors of 35642677?
7, 127, 40093
List the prime factors of 3708721611.
3, 7, 31, 409, 4643
List the prime factors of 40192234.
2, 1721, 11677
List the prime factors of 563256499.
13, 23, 773, 2437
List the prime factors of 353009766.
2, 3, 58834961
List the prime factors of 180182858.
2, 29, 3106601
What are the prime factors of 186855586?
2, 93427793
List the prime factors of 1249329145.
5, 1321, 189149
List the prime factors of 381242221.
17, 22426013
What are the prime factors of 1627061138?
2, 41, 19842209
What are the prime factors of 145174870?
2, 5, 29, 500603
What are the prime factors of 8557010152?
2, 1069626269
What are the prime factors of 157041505?
5, 31, 37, 139, 197
List the prime factors of 141751265.
5, 28350253
List the prime factors of 35249678.
2, 37, 476347
List the prime factors of 243403922.
2, 121701961
What are the prime factors of 2063491085?
5, 29, 14230973
What are the prime factors of 1422638197?
37, 409, 94009
What are the prime factors of 94011035?
5, 18802207
List the prime factors of 107994007.
11, 9817637
List the prime factors of 76833507.
3, 1033, 24793
List the prime factors of 1957369969.
89, 1471, 14951
What are the prime factors of 12743889?
3, 19, 223577
List the prime factors of 1387552205.
5, 13, 643, 33199
What are the prime factors of 852464767?
7, 11, 127, 179, 487
List the prime factors of 1437957236.
2, 1951, 184259
What are the prime factors of 6133480856?
2, 4129, 185683
What are the prime factors of 2309547?
3, 163, 4723
What are the prime factors of 952403991?
3, 7, 11, 541, 7621
What are the prime factors of 3461886508?
2, 83, 457, 22817
List the prime factors of 135458550.
2, 3, 5, 17, 17707
What are the prime factors of 939197054?
2, 103, 181, 25189
What are the prime factors of 930345256?
2, 116293157
What are the prime factors of 616621719?
3, 7, 1021, 28759
What are the prime factors of 93312740?
2, 5, 149, 173, 181
List the prime factors of 152011752.
2, 3, 283, 22381
What are the prime factors of 494734976?
2, 3865117
List the prime factors of 76857691.
76857691
What are the prime factors of 122831068?
2, 30707767
What are the prime factors of 103589871?
3, 7, 11, 64063
What are the prime factors of 107187561?
3, 13, 857, 1069
List the prime factors of 38109673.
7, 773, 7043
List the prime factors of 331256205.
3, 5, 7, 1051607
List the prime factors of 130471030.
2, 5, 43, 303421
List the prime factors of 552143327.
552143327
List the prime factors of 23160005.
5, 11, 38281
What are the prime factors of 55722660?
2, 3, 5, 7, 181, 733
What are the prime factors of 1854034421?
19, 941, 103699
List the prime factors of 20209192.
2, 17, 8741
What are the prime factors of 868226604?
2, 3, 7, 131, 78901
List the prime factors of 1246271677.
7, 178038811
List the prime factors of 1655807752.
2, 17, 3001, 4057
List the prime factors of 104892058.
2, 52446029
List the prime factors of 374761467.
3, 89, 467867
What are the prime factors of 53111746?
2, 26555873
What are the prime factors of 65772279?
3, 7308031
What are the prime factors of 106026348?
2, 3, 17, 519737
List the prime factors of 109273673.
653, 167341
What are the prime factors of 54779909?
54779909
What are the prime factors of 1466692658?
2, 23, 31884623
What are the prime factors of 109126684?
2, 27281671
List the prime factors of 89671348.
2, 13, 1724449
What are the prime factors of 2081573332?
2, 520393333
What are the prime factors of 220085716?
2, 457, 120397
What are the prime factors of 66626004?
2, 3, 809, 6863
List the prime factors of 267292000.
2, 5, 19, 3517
List the prime factors of 37406063.
41, 912343
What are the prime factors of 40914311?
5581, 7331
List the prime factors of 167001596.
2, 199, 209801
What are the prime factors of 2011937781?
3, 7, 95806561
What are the prime factors of 1370924224?
2, 1381, 15511
List the prime factors of 2313425753.
2313425753
What are the prime factors of 2544277858?
2, 269, 353, 13397
List the prime factors of 1467088.
2, 7, 13099
List the prime factors of 726317611.
19087, 38053
What are the prime factors of 157798037?
59, 2674543
List the prime factors of 168465390.
2, 3, 5, 47, 163, 733
List the prime factors of 223121828.
2, 151, 369407
What are the prime factors of 131664868?
2, 32916217
List the prime factors of 4132209145.
5, 1777, 465077
List the prime factors of 26808078.
2, 3, 11, 406183
List the prime factors of 2278443813.
3, 5737, 132383
What are the prime factors of 56717061?
3, 18905687
List the prime factors of 1590859253.
1590859253
What are the prime factors of 124826716?
2, 7, 17, 37463
List the prime factors of 2051030990.
2, 5, 31, 37, 178817
List the prime factors of 1410197988.
2, 3, 23, 5109413
List the prime factors of 8148190590.
2, 3, 5, 331, 273521
List the prime factors of 1174618318.
2, 61, 491, 19609
List the prime factors of 21521316.
2, 3, 31, 57853
List the prime factors of 1167717263.
1167717263
What are the prime factors of 1048834612?
2, 7, 41, 130517
List the prime factors of 51175721.
19, 141761
List the prime factors of 286255114.
2, 29, 521, 9473
What are the prime factors of 15639477?
3, 7, 106391
What are the prime factors of 1213160515?
5, 7, 127, 272927
List the prime factors of 63229759.
63229759
List the prime factors of 640052153.
13, 49234781
List the prime factors of 52891054.
2, 1123, 23549
List the prime factors of 63609929.
19, 3347891
List the prime factors of 92652166.
2, 46326083
List the prime factors of 1360077827.
1360077827
List the prime factors of 2323676442.
2, 3, 37, 10467011
List the prime factors of 1123788041.
19, 59146739
List the prime factors of 2522837767.
881, 2863607
List the prime factors of 71303653.
47, 1517099
What are the prime factors of 348178676?
2, 401, 217069
What are the prime factors of 590637749?
13, 17, 1103, 2423
List the prime factors of 58218807.
3, 107, 293, 619
List the prime factors of 243701504.
2, 951959
List the prime factors of 345131864.
2, 7, 11, 193, 2903
List the prime factors of 2845422122.
2, 1422711061
What are the prime factors of 3255305412?
2, 3, 31, 59, 71, 2089
List the prime factors of 411942464.
2, 499, 12899
What are the prime factors of